5159?
5
What is the hundred thousands digit of 717543?
7
What is the thousands digit of 562077?
2
What is the ten thousands digit of 23921?
2
What is the hundreds digit of 8869562?
5
What is the thousands digit of 1227380?
7
What is the units digit of 4382429?
9
What is the units digit of 25393045?
5
What is the tens digit of 1665689?
8
What is the ten thousands digit of 5682800?
8
What is the hundred thousands digit of 600510?
6
What is the units digit of 10472553?
3
What is the units digit of 719794?
4
What is the units digit of 1381997?
7
What is the hundreds digit of 47711?
7
What is the hundred thousands digit of 4390388?
3
What is the hundred thousands digit of 647519?
6
What is the ten thousands digit of 378730?
7
What is the tens digit of 117823?
2
What is the tens digit of 3405889?
8
What is the tens digit of 5629?
2
What is the hundred thousands digit of 3895314?
8
What is the tens digit of 21021575?
7
What is the millions digit of 8508050?
8
What is the hundreds digit of 58950?
9
What is the thousands digit of 27641?
7
What is the thousands digit of 5821599?
1
What is the hundred thousands digit of 3264114?
2
What is the thousands digit of 2218263?
8
What is the hundred thousands digit of 656311?
6
What is the units digit of 2722508?
8
What is the tens digit of 4530975?
7
What is the units digit of 77723?
3
What is the hundred thousands digit of 7610170?
6
What is the ten thousands digit of 91837?
9
What is the hundred thousands digit of 29553096?
5
What is the units digit of 249071?
1
What is the thousands digit of 36252?
6
What is the millions digit of 1820577?
1
What is the ten thousands digit of 6474322?
7
What is the thousands digit of 1502662?
2
What is the millions digit of 12166981?
2
What is the tens digit of 283121?
2
What is the hundreds digit of 5179210?
2
What is the units digit of 984856?
6
What is the hundreds digit of 9803306?
3
What is the hundreds digit of 944660?
6
What is the hundreds digit of 1665069?
0
What is the thousands digit of 348900?
8
What is the hundreds digit of 1233401?
4
What is the hundreds digit of 25667?
6
What is the thousands digit of 680167?
0
What is the units digit of 300195?
5
What is the units digit of 162812?
2
What is the millions digit of 14532739?
4
What is the units digit of 804584?
4
What is the thousands digit of 1669850?
9
What is the hundreds digit of 289275?
2
What is the hundred thousands digit of 19333947?
3
What is the hundred thousands digit of 345073?
3
What is the hundred thousands digit of 139106?
1
What is the thousands digit of 332470?
2
What is the ten thousands digit of 15896?
1
What is the thousands digit of 92879?
2
What is the hundred thousands digit of 479733?
4
What is the hundred thousands digit of 5898959?
8
What is the tens digit of 153108?
0
What is the hundreds digit of 273805?
8
What is the units digit of 3377776?
6
What is the tens digit of 135849?
4
What is the hundreds digit of 5056438?
4
What is the hundred thousands digit of 3396031?
3
What is the thousands digit of 12642334?
2
What is the ten millions digit of 17478802?
1
What is the ten thousands digit of 2846037?
4
What is the thousands digit of 297689?
7
What is the tens digit of 1172826?
2
What is the thousands digit of 141913?
1
What is the ten thousands digit of 11315884?
1
What is the thousands digit of 6493940?
3
What is the tens digit of 9265317?
1
What is the tens digit of 179356?
5
What is the hundreds digit of 488660?
6
What is the units digit of 167709?
9
What is the units digit of 119823?
3
What is the tens digit of 12782622?
2
What is the thousands digit of 50944?
0
What is the tens digit of 190452?
5
What is the millions digit of 2923388?
2
What is the millions digit of 1441830?
1
What is the units digit of 292?
2
What is the hundred thousands digit of 4821571?
8
What is the tens digit of 8996654?
5
What is the tens digit of 18036314?
1
What is the tens digit of 12694832?
3
What is the ten thousands digit of 2957548?
5
What is the tens digit of 1518476?
7
What is the tens digit of 735136?
3
What is the thousands digit of 10018526?
8
What is the hundred thousands digit of 258963?
2
What is the hundred thousands digit of 25623950?
6
What is the hundred thousands digit of 3019356?
0
What is the hundreds digit of 653459?
4
What is the hundred thousands digit of 17590573?
5
What is the ten thousands digit of 7491894?
9
What is the hundred thousands digit of 716386?
7
What is the hundred thousands digit of 10699185?
6
What is the thousands digit of 8368257?
8
What is the hundreds digit of 3160250?
2
What is the tens digit of 309529?
2
What is the hundred thousands digit of 138923?
1
What is the ten thousands digit of 4493628?
9
What is the thousands digit of 1724066?
4
What is the tens digit of 2912056?
5
What is the tens digit of 519942?
4
What is the tens digit of 315249?
4
What is the hundreds digit of 41934?
9
What is the hundred thousands digit of 2960108?
9
What is the millions digit of 9701810?
9
What is the tens digit of 1209276?
7
What is the hundred thousands digit of 543100?
5
What is the hundreds digit of 5077076?
0
What is the millions digit of 7967114?
7
What is the tens digit of 857561?
6
What is the ten thousands digit of 5214555?
1
What is the hundreds digit of 914953?
9
What is the tens digit of 691900?
0
What is the millions digit of 1665838?
1
What is the thousands digit of 238372?
8
What is the ten thousands digit of 2420137?
2
What is the ten thousands digit of 22342?
2
What is the units digit of 8059957?
7
What is the hundreds digit of 368764?
7
What is the tens digit of 133148?
4
What is the thousands digit of 191516?
1
What is the ten thousands digit of 680227?
8
What is the ten thousands digit of 18221289?
2
What is the ten thousands digit of 890857?
9
What is the thousands digit of 285595?
5
What is the units digit of 118489?
9
What is the hundreds digit of 1264566?
5
What is the thousands digit of 8117635?
7
What is the units digit of 3192351?
1
What is the thousands digit of 28627438?
7
What is the ten thousands digit of 11698831?
9
What is the ten thousands digit of 288114?
8
What is the units digit of 3271406?
6
What is the hundred thousands digit of 3357747?
3
What is the hundred thousands digit of 195366?
1
What is the ten thousands digit of 135128?
3
What is the tens digit of 7198361?
6
What is the hundreds digit of 2353148?
1
What is the hundreds digit of 6430489?
4
What is the hundred thousands digit of 3753878?
7
What is the millions digit of 1849990?
1
What is the hundred thousands digit of 669275?
6
What is the ten thousands digit of 7049531?
4
What is the ten thousands digit of 99208?
9
What is the hundreds digit of 465359?
3
What is the hundreds digit of 419444?
4
What is the units digit of 200380?
0
What is the hundreds digit of 2809785?
7
What is the tens digit of 248895?
9
What is the thousands digit of 10743572?
3
What is the ten thousands digit of 1628666?
2
What is the units digit of 4757686?
6
What is the units digit of 269123?
3
What is the tens digit of 2651336?
3
What is the hundred thousands digit of 394636?
3
What is the millions digit of 1277428?
1
What is the hundred thousands digit of 403887?
4
What is the units digit of 75637?
7
What is the units digit of 165510?
0
What is the hundred thousands digit of 1680461?
6
What is the hundred thousands digit of 527660?
5
What is the tens digit of 9646130?
3
What is the ten millions digit of 26945157?
2
What is the units digit of 14443?
3
What is the hundred thousands digit of 7082543?
0
What is the thousands digit of 186832?
6
What is the hundred thousands digit of 273802?
2
What is the millions digit of 9156183?
9
What is the thousands digit of 64999?
4
What is the hundreds digit of 3678?
6
What is the ten thousands digit of 30871242?
7
What is the millions digit of 13206420?
3
What is the units digit of 3825955?
5
What is the tens digit of 1320502?
0
What is the thousands digit of 8617973?
7
What is the thousands digit of 10814341?
4
What is the ten thousands digit of 211350?
1
What is the tens digit of 959583?
8
What is the thousands digit of 103391?
3
What is the thousands digit of 267513?
7
What is the hundred thousands digit of 385423?
3
What is the thousands digit of 4581?
4
What is 